{"id":126,"date":"2018-02-27T07:51:08","date_gmt":"2018-02-27T07:51:08","guid":{"rendered":"http:\/\/offshorethemes.com\/demo\/sparkconstruction\/?page_id=126"},"modified":"2026-04-05T13:02:17","modified_gmt":"2026-04-05T13:02:17","slug":"electrical-wiring","status":"publish","type":"page","link":"https:\/\/bhrinsaat.com\/index.php\/electrical-wiring\/","title":{"rendered":"Fabrika Tamirat &#038; Tadilat \u0130\u015fleriniz"},"content":{"rendered":"\r\n<p data-start=\"604\" data-end=\"736\">\u00dcretiminiz durmas\u0131n, biz yan\u0131n\u0131zday\u0131z.<br data-start=\"642\" data-end=\"645\" \/>Fabrika, at\u00f6lye ve sanayi alanlar\u0131n\u0131zda h\u0131zl\u0131, g\u00fcvenilir ve profesyonel \u00e7\u00f6z\u00fcmler sunuyoruz.<\/p>\r\n<p data-start=\"738\" data-end=\"853\">\u2714 Makine alan\u0131 d\u00fczenleme<br data-start=\"762\" data-end=\"765\" \/>\u2714 Zemin, boya ve bak\u0131m i\u015fleri<br data-start=\"794\" data-end=\"797\" \/>\u2714 Elektrik &amp; altyap\u0131 yenileme<br data-start=\"826\" data-end=\"829\" \/>\u2714 Acil tamirat hizmeti<\/p>\r\n<p data-start=\"855\" data-end=\"921\">\u0130\u015finizi aksatmadan, en k\u0131sa s\u00fcrede en sa\u011flam \u00e7\u00f6z\u00fcmleri \u00fcretiyoruz.<\/p>\r\n\r\n\r\n\r\n<p>&nbsp;<\/p>\r\n","protected":false},"excerpt":{"rendered":"<p>\u00dcretiminiz durmas\u0131n, biz yan\u0131n\u0131zday\u0131z.Fabrika, at\u00f6lye ve sanayi alanlar\u0131n\u0131zda h\u0131zl\u0131, g\u00fcvenilir ve profesyonel \u00e7\u00f6z\u00fcmler sunuyoruz. \u2714 Makine alan\u0131 d\u00fczenleme\u2714 Zemin, boya ve bak\u0131m i\u015fleri\u2714 Elektrik &amp;&hellip;<\/p>\n","protected":false},"author":1,"featured_media":193,"parent":0,"menu_order":0,"comment_status":"closed","ping_status":"closed","template":"","meta":{"footnotes":""},"class_list":["post-126","page","type-page","status-publish","has-post-thumbnail","hentry"],"_links":{"self":[{"href":"https:\/\/bhrinsaat.com\/index.php\/wp-json\/wp\/v2\/pages\/126","targetHints":{"allow":["GET"]}}],"collection":[{"href":"https:\/\/bhrinsaat.com\/index.php\/wp-json\/wp\/v2\/pages"}],"about":[{"href":"https:\/\/bhrinsaat.com\/index.php\/wp-json\/wp\/v2\/types\/page"}],"author":[{"embeddable":true,"href":"https:\/\/bhrinsaat.com\/index.php\/wp-json\/wp\/v2\/users\/1"}],"replies":[{"embeddable":true,"href":"https:\/\/bhrinsaat.com\/index.php\/wp-json\/wp\/v2\/comments?post=126"}],"version-history":[{"count":1,"href":"https:\/\/bhrinsaat.com\/index.php\/wp-json\/wp\/v2\/pages\/126\/revisions"}],"predecessor-version":[{"id":1478,"href":"https:\/\/bhrinsaat.com\/index.php\/wp-json\/wp\/v2\/pages\/126\/revisions\/1478"}],"wp:featuredmedia":[{"embeddable":true,"href":"https:\/\/bhrinsaat.com\/index.php\/wp-json\/wp\/v2\/media\/193"}],"wp:attachment":[{"href":"https:\/\/bhrinsaat.com\/index.php\/wp-json\/wp\/v2\/media?parent=126"}],"curies":[{"name":"wp","href":"https:\/\/api.w.org\/{rel}","templated":true}]}}