{"id":1544,"date":"2026-04-13T18:33:39","date_gmt":"2026-04-13T18:33:39","guid":{"rendered":"https:\/\/bhrinsaat.com\/?page_id=1544"},"modified":"2026-04-13T18:55:40","modified_gmt":"2026-04-13T18:55:40","slug":"makine-temelleri","status":"publish","type":"page","link":"https:\/\/bhrinsaat.com\/index.php\/makine-temelleri\/","title":{"rendered":"Makine Temelleri"},"content":{"rendered":"<p>Makine Temelleri: End\u00fcstriyel Hassasiyet ve Dinamik Stabilite<\/p>\n<p>\u200bA\u011f\u0131r sanayi makineleri ve y\u00fcksek devirli ekipmanlar i\u00e7in in\u015fa edilen temeller; statik a\u011f\u0131rl\u0131\u011f\u0131n \u00f6tesinde, \u00e7al\u0131\u015fma an\u0131nda olu\u015fan dinamik y\u00fckleri ve titre\u015fimleri s\u00f6n\u00fcmlemek \u00fczere tasarlan\u0131r. Do\u011fru projelendirilmi\u015f bir makine temeli, hem makinenin ayarlar\u0131n\u0131 korur hem de yap\u0131ya zarar verebilecek rezonans\u0131 engeller.<\/p>\n<p><img loading=\"lazy\" decoding=\"async\" class=\"alignnone wp-image-1550 aligncenter\" src=\"https:\/\/bhrinsaat.com\/wp-content\/uploads\/2026\/04\/WhatsApp-Image-2026-04-13-at-21.35.41-216x300.jpeg\" alt=\"\" width=\"400\" height=\"557\" srcset=\"https:\/\/bhrinsaat.com\/wp-content\/uploads\/2026\/04\/WhatsApp-Image-2026-04-13-at-21.35.41-216x300.jpeg 216w, https:\/\/bhrinsaat.com\/wp-content\/uploads\/2026\/04\/WhatsApp-Image-2026-04-13-at-21.35.41.jpeg 736w\" sizes=\"auto, (max-width: 400px) 100vw, 400px\" \/><\/p>\n<p><img loading=\"lazy\" decoding=\"async\" class=\"alignnone wp-image-1551 aligncenter\" src=\"https:\/\/bhrinsaat.com\/wp-content\/uploads\/2026\/04\/WhatsApp-Image-2026-04-13-at-21.36.10-225x300.jpeg\" alt=\"\" width=\"398\" height=\"531\" srcset=\"https:\/\/bhrinsaat.com\/wp-content\/uploads\/2026\/04\/WhatsApp-Image-2026-04-13-at-21.36.10-225x300.jpeg 225w, https:\/\/bhrinsaat.com\/wp-content\/uploads\/2026\/04\/WhatsApp-Image-2026-04-13-at-21.36.10.jpeg 480w\" sizes=\"auto, (max-width: 398px) 100vw, 398px\" \/><\/p>\n<p><img loading=\"lazy\" decoding=\"async\" class=\"alignnone wp-image-1553 aligncenter\" src=\"https:\/\/bhrinsaat.com\/wp-content\/uploads\/2026\/04\/WhatsApp-Image-2026-04-13-at-21.36.59-169x300.jpeg\" alt=\"\" width=\"400\" height=\"711\" srcset=\"https:\/\/bhrinsaat.com\/wp-content\/uploads\/2026\/04\/WhatsApp-Image-2026-04-13-at-21.36.59-169x300.jpeg 169w, https:\/\/bhrinsaat.com\/wp-content\/uploads\/2026\/04\/WhatsApp-Image-2026-04-13-at-21.36.59-576x1024.jpeg 576w, https:\/\/bhrinsaat.com\/wp-content\/uploads\/2026\/04\/WhatsApp-Image-2026-04-13-at-21.36.59-768x1365.jpeg 768w, https:\/\/bhrinsaat.com\/wp-content\/uploads\/2026\/04\/WhatsApp-Image-2026-04-13-at-21.36.59-864x1536.jpeg 864w, https:\/\/bhrinsaat.com\/wp-content\/uploads\/2026\/04\/WhatsApp-Image-2026-04-13-at-21.36.59.jpeg 900w\" sizes=\"auto, (max-width: 400px) 100vw, 400px\" \/><\/p>\n<p><img loading=\"lazy\" decoding=\"async\" class=\"alignnone wp-image-1557 aligncenter\" src=\"https:\/\/bhrinsaat.com\/wp-content\/uploads\/2026\/04\/WhatsApp-Image-2026-04-13-at-21.40.46-225x300.jpeg\" alt=\"\" width=\"402\" height=\"536\" srcset=\"https:\/\/bhrinsaat.com\/wp-content\/uploads\/2026\/04\/WhatsApp-Image-2026-04-13-at-21.40.46-225x300.jpeg 225w, https:\/\/bhrinsaat.com\/wp-content\/uploads\/2026\/04\/WhatsApp-Image-2026-04-13-at-21.40.46-768x1024.jpeg 768w, https:\/\/bhrinsaat.com\/wp-content\/uploads\/2026\/04\/WhatsApp-Image-2026-04-13-at-21.40.46-1152x1536.jpeg 1152w, https:\/\/bhrinsaat.com\/wp-content\/uploads\/2026\/04\/WhatsApp-Image-2026-04-13-at-21.40.46.jpeg 1200w\" sizes=\"auto, (max-width: 402px) 100vw, 402px\" \/><\/p>\n<p>&nbsp;<\/p>\n","protected":false},"excerpt":{"rendered":"<p>Makine Temelleri: End\u00fcstriyel Hassasiyet ve Dinamik Stabilite \u200bA\u011f\u0131r sanayi makineleri ve y\u00fcksek devirli ekipmanlar i\u00e7in in\u015fa edilen temeller; statik a\u011f\u0131rl\u0131\u011f\u0131n \u00f6tesinde, \u00e7al\u0131\u015fma an\u0131nda olu\u015fan dinamik&hellip;<\/p>\n","protected":false},"author":1,"featured_media":0,"parent":0,"menu_order":0,"comment_status":"closed","ping_status":"closed","template":"","meta":{"footnotes":""},"class_list":["post-1544","page","type-page","status-publish","hentry"],"_links":{"self":[{"href":"https:\/\/bhrinsaat.com\/index.php\/wp-json\/wp\/v2\/pages\/1544","targetHints":{"allow":["GET"]}}],"collection":[{"href":"https:\/\/bhrinsaat.com\/index.php\/wp-json\/wp\/v2\/pages"}],"about":[{"href":"https:\/\/bhrinsaat.com\/index.php\/wp-json\/wp\/v2\/types\/page"}],"author":[{"embeddable":true,"href":"https:\/\/bhrinsaat.com\/index.php\/wp-json\/wp\/v2\/users\/1"}],"replies":[{"embeddable":true,"href":"https:\/\/bhrinsaat.com\/index.php\/wp-json\/wp\/v2\/comments?post=1544"}],"version-history":[{"count":10,"href":"https:\/\/bhrinsaat.com\/index.php\/wp-json\/wp\/v2\/pages\/1544\/revisions"}],"predecessor-version":[{"id":1562,"href":"https:\/\/bhrinsaat.com\/index.php\/wp-json\/wp\/v2\/pages\/1544\/revisions\/1562"}],"wp:attachment":[{"href":"https:\/\/bhrinsaat.com\/index.php\/wp-json\/wp\/v2\/media?parent=1544"}],"curies":[{"name":"wp","href":"https:\/\/api.w.org\/{rel}","templated":true}]}}