{"id":412,"date":"2019-04-19T06:56:49","date_gmt":"2019-04-19T06:56:49","guid":{"rendered":"http:\/\/demo.sparklewpthemes.com\/constructionlight\/?page_id=412"},"modified":"2026-04-05T13:02:47","modified_gmt":"2026-04-05T13:02:47","slug":"house-construction","status":"publish","type":"page","link":"https:\/\/bhrinsaat.com\/index.php\/house-construction\/","title":{"rendered":"Ev \u0130n\u015faat\u0131"},"content":{"rendered":"<p data-start=\"956\" data-end=\"1067\">Temelden \u00e7at\u0131ya, eviniz bize emanet.<br data-start=\"992\" data-end=\"995\" \/>Yeni yap\u0131, tadilat ya da k\u00fc\u00e7\u00fck dokunu\u015flar\u2026 Her i\u015fi titizlikle yap\u0131yoruz.<\/p>\n<p data-start=\"1069\" data-end=\"1206\">\u2714 Anahtar teslim in\u015faat<br data-start=\"1092\" data-end=\"1095\" \/>\u2714 Daire yenileme (mutfak, banyo, salon)<br data-start=\"1134\" data-end=\"1137\" \/>\u2714 Su, elektrik ve tesisat i\u015fleri<br data-start=\"1169\" data-end=\"1172\" \/>\u2714 Uygun fiyat \u2013 kaliteli i\u015f\u00e7ilik<\/p>\n<p data-start=\"1208\" data-end=\"1256\">Evinizi sadece tamir etmiyoruz, de\u011fer kat\u0131yoruz.<\/p>\n","protected":false},"excerpt":{"rendered":"<p>Temelden \u00e7at\u0131ya, eviniz bize emanet.Yeni yap\u0131, tadilat ya da k\u00fc\u00e7\u00fck dokunu\u015flar\u2026 Her i\u015fi titizlikle yap\u0131yoruz. \u2714 Anahtar teslim in\u015faat\u2714 Daire yenileme (mutfak, banyo, salon)\u2714 Su,&hellip;<\/p>\n","protected":false},"author":1,"featured_media":428,"parent":0,"menu_order":0,"comment_status":"closed","ping_status":"closed","template":"","meta":{"footnotes":""},"class_list":["post-412","page","type-page","status-publish","has-post-thumbnail","hentry"],"_links":{"self":[{"href":"https:\/\/bhrinsaat.com\/index.php\/wp-json\/wp\/v2\/pages\/412","targetHints":{"allow":["GET"]}}],"collection":[{"href":"https:\/\/bhrinsaat.com\/index.php\/wp-json\/wp\/v2\/pages"}],"about":[{"href":"https:\/\/bhrinsaat.com\/index.php\/wp-json\/wp\/v2\/types\/page"}],"author":[{"embeddable":true,"href":"https:\/\/bhrinsaat.com\/index.php\/wp-json\/wp\/v2\/users\/1"}],"replies":[{"embeddable":true,"href":"https:\/\/bhrinsaat.com\/index.php\/wp-json\/wp\/v2\/comments?post=412"}],"version-history":[{"count":2,"href":"https:\/\/bhrinsaat.com\/index.php\/wp-json\/wp\/v2\/pages\/412\/revisions"}],"predecessor-version":[{"id":1475,"href":"https:\/\/bhrinsaat.com\/index.php\/wp-json\/wp\/v2\/pages\/412\/revisions\/1475"}],"wp:featuredmedia":[{"embeddable":true,"href":"https:\/\/bhrinsaat.com\/index.php\/wp-json\/wp\/v2\/media\/428"}],"wp:attachment":[{"href":"https:\/\/bhrinsaat.com\/index.php\/wp-json\/wp\/v2\/media?parent=412"}],"curies":[{"name":"wp","href":"https:\/\/api.w.org\/{rel}","templated":true}]}}